{"id":17,"date":"2016-10-10T12:03:35","date_gmt":"2016-10-10T10:03:35","guid":{"rendered":"http:\/\/rcskoter.se\/?post_type=product&#038;p=17"},"modified":"2025-12-15T22:02:47","modified_gmt":"2025-12-15T21:02:47","slug":"rcskoter-byggsats","status":"publish","type":"product","link":"https:\/\/rcskoter.se\/?product=rcskoter-byggsats","title":{"rendered":"Rcskoter Atomic 2000"},"content":{"rendered":"<p>Kompett byggsats till ett rullande chassi f\u00f6r eldrift.<\/p>\n<p>OBS! Byggsatsen m\u00e5ste kompletteras med motor och fartreglage, batteri samt radioutrustning f\u00f6r att f\u00e5 en k\u00f6rbar skoter.<\/p>\n","protected":false},"excerpt":{"rendered":"<p>Kompett byggsats till ett rullande chassi f\u00f6r eldrift. OBS! Byggsatsen m\u00e5ste kompletteras med motor och fartreglage, batteri samt radioutrustning f\u00f6r att f\u00e5 en k\u00f6rbar skoter.<\/p>\n","protected":false},"featured_media":87,"comment_status":"closed","ping_status":"closed","template":"","meta":[],"product_brand":[],"product_cat":[16],"product_tag":[],"class_list":{"0":"post-17","1":"product","2":"type-product","3":"status-publish","4":"has-post-thumbnail","6":"product_cat-skoterbyggsats","8":"first","9":"instock","10":"taxable","11":"shipping-taxable","12":"purchasable","13":"product-type-simple"},"_links":{"self":[{"href":"https:\/\/rcskoter.se\/index.php?rest_route=\/wp\/v2\/product\/17","targetHints":{"allow":["GET"]}}],"collection":[{"href":"https:\/\/rcskoter.se\/index.php?rest_route=\/wp\/v2\/product"}],"about":[{"href":"https:\/\/rcskoter.se\/index.php?rest_route=\/wp\/v2\/types\/product"}],"replies":[{"embeddable":true,"href":"https:\/\/rcskoter.se\/index.php?rest_route=%2Fwp%2Fv2%2Fcomments&post=17"}],"wp:featuredmedia":[{"embeddable":true,"href":"https:\/\/rcskoter.se\/index.php?rest_route=\/wp\/v2\/media\/87"}],"wp:attachment":[{"href":"https:\/\/rcskoter.se\/index.php?rest_route=%2Fwp%2Fv2%2Fmedia&parent=17"}],"wp:term":[{"taxonomy":"product_brand","embeddable":true,"href":"https:\/\/rcskoter.se\/index.php?rest_route=%2Fwp%2Fv2%2Fproduct_brand&post=17"},{"taxonomy":"product_cat","embeddable":true,"href":"https:\/\/rcskoter.se\/index.php?rest_route=%2Fwp%2Fv2%2Fproduct_cat&post=17"},{"taxonomy":"product_tag","embeddable":true,"href":"https:\/\/rcskoter.se\/index.php?rest_route=%2Fwp%2Fv2%2Fproduct_tag&post=17"}],"curies":[{"name":"wp","href":"https:\/\/api.w.org\/{rel}","templated":true}]}}