{"id":18,"date":"2016-10-10T12:06:05","date_gmt":"2016-10-10T10:06:05","guid":{"rendered":"http:\/\/rcskoter.se\/?post_type=product&#038;p=18"},"modified":"2023-03-24T14:55:38","modified_gmt":"2023-03-24T13:55:38","slug":"mattclips","status":"publish","type":"product","link":"https:\/\/rcskoter.se\/?product=mattclips","title":{"rendered":"Glidbleck"},"content":{"rendered":"<p>Glidbleck till skotermattan i rostfritt st\u00e5l.<br \/>\nSatsen inneh\u00e5ller b\u00e5da typer av glidbleck.<\/p>\n","protected":false},"excerpt":{"rendered":"<p>Glidbleck till skotermattan i rostfritt st\u00e5l. Satsen inneh\u00e5ller b\u00e5da typer av glidbleck.<\/p>\n","protected":false},"featured_media":55,"comment_status":"closed","ping_status":"closed","template":"","meta":[],"product_brand":[],"product_cat":[17],"product_tag":[],"class_list":{"0":"post-18","1":"product","2":"type-product","3":"status-publish","4":"has-post-thumbnail","6":"product_cat-reservdelar","8":"first","9":"instock","10":"taxable","11":"shipping-taxable","12":"purchasable","13":"product-type-simple"},"_links":{"self":[{"href":"https:\/\/rcskoter.se\/index.php?rest_route=\/wp\/v2\/product\/18","targetHints":{"allow":["GET"]}}],"collection":[{"href":"https:\/\/rcskoter.se\/index.php?rest_route=\/wp\/v2\/product"}],"about":[{"href":"https:\/\/rcskoter.se\/index.php?rest_route=\/wp\/v2\/types\/product"}],"replies":[{"embeddable":true,"href":"https:\/\/rcskoter.se\/index.php?rest_route=%2Fwp%2Fv2%2Fcomments&post=18"}],"wp:featuredmedia":[{"embeddable":true,"href":"https:\/\/rcskoter.se\/index.php?rest_route=\/wp\/v2\/media\/55"}],"wp:attachment":[{"href":"https:\/\/rcskoter.se\/index.php?rest_route=%2Fwp%2Fv2%2Fmedia&parent=18"}],"wp:term":[{"taxonomy":"product_brand","embeddable":true,"href":"https:\/\/rcskoter.se\/index.php?rest_route=%2Fwp%2Fv2%2Fproduct_brand&post=18"},{"taxonomy":"product_cat","embeddable":true,"href":"https:\/\/rcskoter.se\/index.php?rest_route=%2Fwp%2Fv2%2Fproduct_cat&post=18"},{"taxonomy":"product_tag","embeddable":true,"href":"https:\/\/rcskoter.se\/index.php?rest_route=%2Fwp%2Fv2%2Fproduct_tag&post=18"}],"curies":[{"name":"wp","href":"https:\/\/api.w.org\/{rel}","templated":true}]}}